. Let h(v) = v**2 - 15*v + 20. Let x(y) = -4*h(y) - 5*i(y). What is the remainder when ((-26)/6 - -2)*-18 is divided by x(9)?
9
Let m = 9997 - 9911. What is the remainder when 422 is divided by m?
78
Calculate the remainder when 352 is divided by (-18846)/(-216) - (-2)/(-7 + -1).
4
Let t = -97 - -90. Calculate the remainder when 21 is divided by 138*t/(-49) + 2/7.
1
Let g = 308 - 111. Let t(o) = -35*o - 31. Let y be t(-2). Suppose 960 = -15*k + y*k. What is the remainder when g is divided by k?
37
Let g = -527 - -540. Calculate the remainder when 346 is divided by g.
8
Suppose -65 = -f + 4*u, 4*f + u + u = 350. Calculate the remainder when f is divided by 77.
8
Let t be (-1920)/(-28) - (-6)/14. Let y = t + -35. Let w = 54 - y. What is the remainder when 58 is divided by w?
18
Suppose 1816 = -97*x + 16851. What is the remainder when x is divided by 56?
43
Suppose 4*p - 2*c = -1084, 804 = 2*p - 5*p - 3*c. Calculate the remainder when ((-288)/10)/(36/p) is divided by 73.
70
Let r(a) = -2*a**2 - 24*a + 120. Let v(y) = -y**2 + 2. Let s(n) = -r(n) + 3*v(n). Let c(d) = d**2 + d. What is the remainder when s(7) is divided by c(-2)?
1
Let f be 588/6*5/2. Let x = f - 150. What is the remainder when x is divided by 27?
14
Let i(y) = 2*y**2 - 173*y - 1284. Calculate the remainder when 141 is divided by i(-7).
16
Suppose 94*r = 89*r - 85. Calculate the remainder when 50 is divided by (7667/(-33))/r - 4/6.
11
Suppose z - y - 54 = 0, 2*z = -2500*y + 2496*y + 84. Calculate the remainder when 58 is divided by z.
8
Suppose -3*m + 25 = 2*t, 5*t + 7*m - 115 = 10*m. What is the remainder when 381 is divided by -2*t/16*(-468)/15?
69
Suppose -j - 3*j - 576 = -4*s, -j - 4 = 0. Suppose 3*d = q - 454, d = -q + 578 - s. What is the remainder when q is divided by 89?
86
Suppose 2*h + 120 = -h. Let r = -31 - h. Calculate the remainder when (70/(-4))/(2/(-4)) is divided by r.
8
What is the remainder when 308 is divided by (-28)/(-1)*((-148)/7 - -24)?
68
Suppose 5*g + 3*s - 3042 = -0*g, -2*s = -2*g + 1236. What is the remainder when 1230 is divided by g?
6
Let p = 45382 + -45302. Let h = -216 + 356. Suppose 0 = u + 4*u - h. What is the remainder when p is divided by u?
24
Suppose 94*x - 1427 = -205. What is the remainder when 276 is divided by x?
3
Let o(y) = 20*y + 104. Let m be o(-5). Suppose 4*t - c - 80 = -0*t, 3 = t + m*c. What is the remainder when 49 is divided by t?
11
Suppose 2*z = 3*z. Calculate the remainder when 64 is divided by (-54)/(-2) - (2/(-1) - z).
6
Suppose -56*j = -36*j - 7260. Let o = 376 - j. Calculate the remainder when 31 is divided by o.
5
Suppose -534 = -12*m + 6*m. Let i(q) = -4*q**2 + 17*q + 17. Let a(p) = p**2 + p. Let h(g) = -5*a(g) - i(g). Calculate the remainder when m is divided by h(-20).
20
Let b = 67 + 157. Suppose 23*x - 3*w = 25*x - 63, -2*w - 35 = -x. Calculate the remainder when b is divided by x.
26
Let l = -231 + 238. Suppose 2*f - 34 = -4*c, -4*f + l*c + 104 = 3*c. Calculate the remainder when 342 is divided by f.
20
Suppose -3*i + 3867 = -2*k, -30*k + 37*k = -21. Calculate the remainder when i is divided by 429.
0
Let u be ((-4)/(-14))/((-11)/(-770)*10). Suppose -2*z + r = -169, u*z = 4*r + 27 + 139. What is the remainder when z is divided by 58?
27
Let l = -1663 - -1121. Let x = -323 - l. Calculate the remainder when x is divided by 13.
11
Let t(p) = -3*p + 2. Let s be t(9). Let z be (-156)/(-117)*6/8 - 36. What is the remainder when (40/s)/(2/z) is divided by 10?
8
Suppose -4*l = 5*y - 307, -110*l - 2*y = -113*l + 236. Calculate the remainder when 2806 is divided by l.
76
Calculate the remainder when (-10)/30 + (-79456)/(-39) is divided by 15.
12
Suppose 280 = 5*d + 5*r, -3*d + r + 181 = 17. Suppose 54*k + 12 = d*k. Let p = -18 - -25. Calculate the remainder when k is divided by p.
5
Let p(h) = -9*h + 120. Let l be p(-15). Suppose 5*f - 7*r = -2*r + 245, f = 4*r + 49. What is the remainder when f is divided by 18/45*l/6?
15
Let b = -786 + 790. Suppose 0 = 3*w + 2*c - 392, -4*w + 3*c = 4*c - 531. What is the remainder when w is divided by b?
2
Let l be (2/3)/(-4 + (-371)/(-93)). Let t = 86 + l. What is the remainder when 46 is divided by t?
22
Suppose 2673 = 2*y - 74*d + 75*d, 4*d = y - 1305. What is the remainder when y is divided by 142?
55
Suppose -4*h = 76*t - 72*t - 348, t - 103 = 3*h. What is the remainder when 297 is divided by t?
24
Let p be (4 - (3 + -3))*(-9)/(-6). Let z be (-4*(-1)/8)/(1/p). Suppose -z*m = m - 48. Calculate the remainder when 31 is divided by m.
7
Let w = -2205 + 2365. Calculate the remainder when 489 is divided by w.
9
Let o(r) = -3*r - 18. Let a be o(25). Let n be (2*a/(-18))/(1/15). Suppose -9*z + n = -4*z. Calculate the remainder when 59 is divided by z.
28
Let p = -79 + 137. Suppose -3*s - 2*i - 1433 = -8*s, 2*s - 4*i = 570. Calculate the remainder when s is divided by p.
55
Suppose 0 = 4*w - 5*k - 980, 3*w - 1184 = -2*w - 4*k. What is the remainder when 251 is divided by w?
11
Let s(q) = 9*q + 74. Let r(u) = -28*u - 221. Let a(p) = 6*r(p) + 17*s(p). Calculate the remainder when 74 is divided by a(-6).
8
Suppose 4*q = 4*w + 5784, -122*w + 118*w = q - 1416. Calculate the remainder when q is divided by 19.
15
Suppose -2*b = -1 - 9, -2*b = 3*i - 148. Suppose 60*r + i = 62*r. What is the remainder when r is divided by 6?
5
Calculate the remainder when 659 is divided by (-1 + -15)*99/(-72).
21
Let b be (-2 + (-3)/(-6))/((-2)/(-128)). Calculate the remainder when (-154)/44*b/28 is divided by 2.
0
Let b = 112 + 23. Let i = b + 0. What is the remainder when i is divided by 489/21 + 2/(-7)?
20
Suppose -3*g + 4*c = c, -2*g - 4*c = -30. Suppose 4*b - b + 22 = g*y, 0 = 3*b + 5*y + 32. Let a = b + 22. What is the remainder when a is divided by 6?
1
Suppose -37*o + 4791 = -3076 + 245. Suppose 4*m - 8 = -0*m. Suppose s = 3*s - m*z - o, 0 = -5*s - 3*z + 555. What is the remainder when s is divided by 29?
21
Let x = 343 - 327. Suppose x*i + 1508 = 19*i - 4*v, -2016 = -4*i + 4*v. Calculate the remainder when i is divided by 51.
49
Suppose 3*q = -y - 3, -6*q - 45 = -5*y - q. Suppose 893 + 823 = y*s. Calculate the remainder when s is divided by 96.
94
Let s(z) = 2*z**3 - 39*z**2 + 55*z + 130. What is the remainder when 734 is divided by s(18)?
142
Let j(r) = -r**2 - 24*r - 75. Let u be j(-19). Suppose -2*n + u = 2*q - 62, -3*q + 5*n + 91 = 0. Calculate the remainder when 141 is divided by q.
30
Let k(s) = 23*s**2 + 5*s + 24. Let y be k(-4). Suppose -r + y = 364. Calculate the remainder when 8 is divided by r.
0
Let h be (-12)/(-15) - (-8)/(-10). Let w(u) = 2*u**2 - u + 35. Let t be w(h). Let y = t - -39. Calculate the remainder when y is divided by 39.
35
Let v(j) = -j + 7. Let a = -107 - -109. Let o = a + 10. Calculate the remainder when o is divided by v(6).
0
Suppose 5*k + 11*k - 2*k = 3906. What is the remainder when k is divided by 16?
7
Suppose 716 = -25*c + 29*c - 4*z, 0 = c - 4*z - 182. What is the remainder when 3392 is divided by c?
10
Let w(c) = 280*c + 932. What is the remainder when w(-2) is divided by 125?
122
Suppose 4*j - 12 = 2*j + 2*o, -3*o = 9. Suppose 5*c - t = 490, 5*t = 3*c + j*t - 294. What is the remainder when c is divided by 25?
23
Suppose -2160*g - 198 = -2163*g. What is the remainder when 197 is divided by g?
65
Suppose 2*t + 105*w - 2252 = 110*w, -1096 = -t - 5*w. Calculate the remainder when t is divided by 20.
16
Calculate the remainder when 4/2 - 17/((-238)/1260) is divided by 77.
15
Let x be 2/(-8) + 258/8 + 2. Let w = x + -29. What is the remainder when 12/(-10) + (-1974)/(-70) is divided by w?
2
Suppose 18*a + 3*a + 2927 = 4*m, -5*m = -a - 3684. What is the remainder when m is divided by 186?
179
Let i(u) = -u**3 - 9*u**2 + 30*u - 40. What is the remainder when i(-18) is divided by 65?
61
Let u(a) = a**2 + a - 3. Suppose -185 = -4*i + 19. What is the remainder when i is divided by u(2)?
0
Suppose -23*d + 14*d = 144. Let x(p) = -p**3 - 14*p**2 + 15*p + 19. What is the remainder when x(d) is divided by 42?
39
Let s(d) = 6*d - 28. Let m(i) = -3*i - 84. What is the remainder when s(21) is divided by m(-32)?
2
Calculate the remainder when (2 - -3)*(-528)/(-110) is divided by 1 - (8/5)/(1/(-5)).
6
What is the remainder when ((-2 - -4)/4)/(544/9277376) is divided by 41?
40
Let i = -1